 - 6943. Calculate v(-15).
-1288
Let t(y) = -66*y**2 - 1382*y - 43. Calculate t(-21).
-127
Let v(l) = 2*l**2 + 177*l - 6719. Give v(29).
96
Let o(c) = -159*c + 11773. Calculate o(67).
1120
Let p(v) = -4*v**2 + 304*v + 7313. Determine p(-19).
93
Let x(f) = 16733*f - 16728. Give x(1).
5
Let v(p) = -7*p**2 + 196*p - 1401. What is v(14)?
-29
Let s(p) = p**2 + 3772*p - 30251. Calculate s(8).
-11
Let n(k) = k**3 - 14*k**2 + 6*k - 43. Determine n(12).
-259
Let n(v) = -463*v**3 - 5*v**2 + 7*v - 2. Give n(1).
-463
Let k(g) = -127*g**2 - 68*g + 202. What is k(3)?
-1145
Let g(n) = -1622*n - 42093. Determine g(-26).
79
Let r(t) = -t**2 - 4582*t + 13754. What is r(3)?
-1
Let u(m) = m**3 - 58*m**2 + 1183*m - 64068. Give u(57).
114
Let w(z) = -29*z - 4403. Determine w(-153).
34
Let x(r) = -5*r**3 - 544*r**2 - 440*r - 766. Calculate x(-108).
98
Let h(v) = 21*v**2 - 596*v - 378. Give h(29).
-1
Let d(p) = 2670*p - 168193. What is d(63)?
17
Let c(q) = q**2 + 12*q - 1134. Calculate c(24).
-270
Let d(z) = -3*z**2 + 340*z + 134. Determine d(113).
247
Let u(p) = 377*p**2 + 1473*p - 19. Calculate u(-2).
-1457
Let w(h) = -100726*h - 1611610. Determine w(-16).
6
Let u(w) = -2*w**3 - 390*w**2 + 385*w - 1389. Calculate u(-196).
-17
Let q(b) = 5*b**2 - 354*b - 332. Give q(71).
-261
Let d(g) = -2*g**3 + 2*g**2 + 562*g - 3148. Give d(13).
102
Let s(p) = p**3 + 646*p**2 + 8846*p - 42. Determine s(-14).
-14
Let b(d) = d**2 - 562*d - 2252. Calculate b(-4).
12
Let y(j) = 98*j - 2430. Give y(6).
-1842
Let v(r) = r**2 + 9155*r + 109778. What is v(-12)?
62
Let n(g) = -2*g**3 + 161*g**2 - 230*g + 949. What is n(79)?
1502
Let y(f) = -14*f**2 + 694*f + 1764. What is y(52)?
-4
Let b(v) = 78*v + 5562. Calculate b(-75).
-288
Let f(s) = -57*s**2 + 4965*s - 5533. Give f(86).
-115
Let x(a) = 4*a**3 - 39*a**2 + 109*a - 125. Calculate x(8).
299
Let d(g) = 2*g**2 + 27*g - 4396. Determine d(-54).
-22
Let c(t) = 1366*t + 10942. Calculate c(-8).
14
Let y(o) = 172*o**3 - 10*o**2 - 32*o - 6. Determine y(-2).
-1358
Let r(c) = 31*c - 280. Give r(-46).
-1706
Let u(b) = 475463*b - 1426383. Calculate u(3).
6
Let s(m) = -m**2 + 86*m - 1850. Determine s(50).
-50
Let g(h) = -997*h - 42839. What is g(-43)?
32
Let g(m) = 13908*m - 125438. Determine g(9).
-266
Let n(j) = -86*j**3 - 5510*j**2 - 382*j + 196. Give n(-64).
68
Let s(j) = -1953*j + 304603. Determine s(156).
-65
Let u(q) = -q**3 - q**2 - 1434*q - 11598. Calculate u(-8).
322
Let b(a) = -a**3 - 3*a**2 + 7234*a - 21645. What is b(3)?
3
Let x(b) = -45*b**3 - 981*b**2 - 977*b - 1. What is x(-1)?
40
Let r(g) = 2*g**3 + 182*g**2 - 127*g + 4998. Determine r(-92).
-246
Let l(s) = -s**3 + 18*s**2 + 15613*s - 341558. Give l(22).
-8
Let v(k) = -k**3 - 27*k**2 + 352*k + 137. Calculate v(10).
-43
Let q(w) = 1494*w + 189829. Give q(-127).
91
Let z(y) = -y**3 + 51*y**2 - 61*y + 541. Give z(50).
-9
Let f(o) = -1159*o**2 - 85766*o - 39. Determine f(-74).
-39
Let r(w) = 9015*w - 18047. Determine r(2).
-17
Let p(b) = -254*b**2 - 8269*b - 4509. Determine p(-32).
3
Let d(k) = k**2 + 1708*k - 23. What is d(0)?
-23
Let l(c) = -c**3 - 42*c**2 - 293*c + 104. Give l(-33).
-28
Let c(x) = 248*x**2 - 371*x - 3. Give c(0).
-3
Let k(q) = q**3 + q**2 - 106*q - 20. Give k(-9).
286
Let z(y) = -19112*y + 344013. Determine z(18).
-3
Let m(c) = -c**3 - 29*c**2 - 89*c - 220. Determine m(-26).
66
Let w(x) = x**2 + 105*x + 2393. Determine w(-93).
1277
Let g(j) = j**3 + 38*j**2 + 216*j + 524. Give g(-32).
-244
Let q(u) = -920*u - 1650. Give q(-2).
190
Let d(l) = l**3 + 66*l**2 + 77*l + 9596. Give d(-67).
-52
Let l(p) = 44*p - 1507. Determine l(41).
297
Let y(i) = -260*i + 59025. Calculate y(230).
-775
Let l(w) = w**3 + 46*w**2 - 3*w + 15. Give l(0).
15
Let z(g) = 14159*g - 84935. What is z(6)?
19
Let c(z) = 5*z**3 + 6*z**2 - 170*z + 321. Determine c(5).
246
Let b(q) = 72*q**3 + 2230*q**2 - 51*q + 354. Calculate b(-31).
13
Let r(l) = -15*l**3 + 76*l**2 - 453*l + 380. Determine r(1).
-12
Let b(p) = 1279*p - 1748. What is b(1)?
-469
Let i(p) = -487371*p + 4386357. Determine i(9).
18
Let p(h) = -235*h**2 + 52672*h - 7164. What is p(224)?
4
Let j(i) = 6*i**3 + 303*i**2 - 6*i - 28. What is j(0)?
-28
Let n(z) = 2*z**3 + 17*z**2 - 15*z - 5. Give n(-12).
-833
Let c(k) = -167*k + 1174. Give c(2).
840
Let o(a) = 5*a**3 + 210*a**2 - 913*a + 320. Determine o(-46).
-2
Let v(t) = 74*t - 215. Calculate v(0).
-215
Let n(l) = 1194*l - 1627. What is n(2)?
761
Let g(r) = r**2 - 285*r - 12128. Determine g(-38).
146
Let a(m) = 2*m**3 + 114*m**2 + 570*m + 2499. Determine a(-52).
-101
Let b(k) = k**3 - 202*k**2 + 7279*k + 86. Determine b(47).
-196
Let d(u) = 2*u**2 - 68*u - 328. Give d(40).
152
Let t(r) = 4*r**2 + 83*r + 595. Determine t(-8).
187
Let c(k) = 162*k**3 + 1943*k**2 + 22*k + 429. Give c(-12).
21
Let h(v) = 80*v - 2202. Determine h(27).
-42
Let w(o) = -1722*o - 58476. Determine w(-34).
72
Let n(q) = -2*q**3 - 16*q**2 + 207*q + 83. Calculate n(-13).
-918
Let b(d) = -24*d**2 - 7119*d - 11511. Determine b(-295).
-6
Let z(u) = -u**3 + 25*u**2 + 1842*u + 580. Give z(-32).
4
Let j(z) = -61*z**3 - 357*z**2 - 154*z - 893. Give j(-6).
355
Let a(r) = -14*r**3 - 46*r**2 + 130*r + 425. Determine a(-3).
-1
Let c(v) = -v**2 - 117*v + 298. Give c(-134).
-1980
Let l(h) = 9462*h + 189228. What is l(-20)?
-12
Let d(g) = -g**2 + 501*g + 186753. Give d(-249).
3
Let a(k) = 11*k**3 + 3*k**2 - 16*k + 5. Determine a(2).
73
Let s(f) = -2731*f + 458877. Calculate s(168).
69
Let r(u) = 20905*u - 104497. Give r(5).
28
Let z(t) = -7230*t + 14458. What is z(2)?
-2
Let n(h) = -6791*h + 26966. Give n(4).
-198
Let s(c) = -2313*c - 22519. Give s(-10).
611
Let q(u) = 31313*u - 563645. Give q(18).
-11
Let h(t) = 29117*t + 378511. What is h(-13)?
-10
Let c(k) = -1012*k + 36483. Determine c(36).
51
Let n(q) = -57*q**2 - 8872*q + 35509. Give n(4).
-891
Let o(g) = g**3 + 24*g**2 - 118*g - 162. Give o(10).
2058
Let p(l) = -29111*l + 29096. What is p(1)?
-15
Let v(f) = 1480*f - 94668. What is v(64)?
52
Let g(o) = -3066*o + 46909. Determine g(16).
-2147
Let h(u) = -u**2 + 156*u - 2526. What is h(32)?
1442
Let z(y) = -y**3 + 62*y**2 - 62*y - 251. Determine z(61).
-312
Let m(z) = -z**2 - 7811*z - 31229. Determine m(-4).
-1
Let v(l) = 158*l**2 - 2446*l - 21. Determine v(15).
-1161
Let d(y) = 73*y - 2323. Give d(20).
-863
Let c(s) = 26*s**3 + 347*s**2 + 110*s - 110. Calculate c(-13).
-19
Let n(z) = z**3 - 121*z**2 + 1019*z + 461. What is n(112)?
1693
Let i(j) = 2704*j - 404. Determine i(1).
2300
Let c(k) = k**3 + 88*k**2 + 65*k - 1940. Give c(-87).
-26
Let l(j) = -j**2 + 15438*j - 6715522. Determine l(448).
-2
Let s(a) = -27*a**2 + 37*a - 101. Give s(0).
-101
Let y(c) = -1092*c - 271901. What is y(-250)?
1099
Let s(x) = -32*x**2 - 322*x - 172. Give s(-8).
356
Let t(u) = 201*u + 19570. Calculate t(-98).
-128
Let f(w) = -1926*w + 2064. Calculate f(1).
138
Let u(c) = 1673*c + 6716. Give u(-4).
24
Let q(s) = -40*s**3 - 1381*s**2 + 660*s - 198. What is q(-35)?
-23
Let p(v) = -v**3 + 122*v**2 + 1315*v + 669. Calculate p(132).
9
Let k(y) = 33*y**2 - 699*y + 4955. Give k(7).
1679
Let y(q) = -11*q**3 - 17652*q**2 - 65649*q - 12803. What is y(-1601)?
5
Let x(p) = -4*p**3 - 212*p**2 - 1434*p + 263. Give x(-45).
-7
Let f(x) = 6787*x + 502257. Give f(-74).
19
Let p(y) = -5*y**3 + 358*y**2 - 220*y + 273. Determine p(71).
-224
Let j(d) = 33070*d + 892896. Give j(-27).
6
Let h(q) = -q**2 + 20467*q - 613111. What is h(30)?
-1
Let i(c) = -6*c**2 + 4686*c - 104626. Determine i(23).
-22
Let a(i) = 3248*i - 168964. Calculate a(52).
-68
Let a(q) = -2*q**3 - 141*q**2 + 349*q + 9531. What is a(-72)?
-45
Let r(g) = 325*g - 48329. Determine r(144).
-1529
Let p(f) = -4*f**2 - 778*f - 27926. Calculate p(-48).
202
Let c(t) = -260*t**2 + 2366*t + 18337. Determine c(-5).
7
Let h(s) = 55*s**3 + 5*s**2 + 19*s - 61. Give h(2).
437
Let x(f) = 19*f**2 - 932*f - 1798. Determine x(51).
89
Let j(q) = q**3 + 97*q**2 + 2305*q - 749. Give j(-43).
-18
Let u(t) = t**3 - 34*t**2 - 383*t + 184. Give u(43).
356
Let s(l) = -6*l**2 - 21*l + 370. What is s(6)?
28
Let u(i) = i**2 + 5*i - 833. Give u(27).
31
Let h(v) = -v**3 + 65*v**2 - 115*v - 729. What is h(63)?
-36
Let t(k) = -3*k**3 - 254*k**2 - 194*k - 2181. Determine t(-84).
3
Let z(o) = 969*o + 3089. What is z(-4)?
-787
Let d(w) = 19*w**